me factors of t.
2, 29
Let p(q) = 11*q - 1. Let j be p(2). Let x = j - 21. Suppose x = -2*v + 38 + 46. List the prime factors of v.
2, 3, 7
Suppose 1559 = 37*t - 34*t + k, 0 = 2*t + 3*k - 1037. List the prime factors of t.
2, 5, 13
Let j(b) = -b**3 + 5*b**2 + b - 1. Let t be j(5). Let g(n) = -t*n**2 + 9 + n**3 + 0*n + 3*n - 5*n**2 + 5*n. List the prime factors of g(8).
3
Suppose -10 = -5*d - 2*y, y + 3 = -d + 8. Suppose d = 2*v - 84 - 2. Let w = -10 + v. List the prime factors of w.
3, 11
Let i = 98 - 87. Let h(l) = 7*l - 16. What are the prime factors of h(i)?
61
Let y be (-2)/((-8)/6) + 814/4. Suppose -3*c = 31 - y. What are the prime factors of c?
2, 29
Let i(k) = -2*k + 2. Let u be i(1). Let a(z) = -z**2 + 3*z + 133. List the prime factors of a(u).
7, 19
Let s = -1231 - -1726. Suppose -52*h = -49*h - s. List the prime factors of h.
3, 5, 11
Suppose -4*w + 1 = -3*k + 2*k, -4*w - 5 = 5*k. What are the prime factors of w - (1 + -2)*112?
2, 7
Let b = -4 + 4. Suppose -8*c - 32 = -24*c. Suppose b = 3*a + c*a - 385. What are the prime factors of a?
7, 11
Suppose 0 = 21*o - 23*o + 626. Let m = -212 + o. What are the prime factors of m?
101
Suppose 5 = a, 0*a + 161 = -3*k - 2*a. Let f = 68 - k. Let v = f + -88. List the prime factors of v.
37
List the prime factors of (683912/(-1060))/(1 - (-14)/(-10)).
1613
Let b(c) = 7*c**2 + 2*c + 4. Let w be b(3). Let a(t) = t**3 + 4*t**2 + 4*t + 2. Let l be a(-3). List the prime factors of (w - l)*(-4)/(-8).
37
Let w(t) = -1590*t**3 + 2*t**2 - 40*t - 42. List the prime factors of w(-1).
2, 3, 5, 53
Let o(r) = 16*r**3 + 10*r**2 + 3*r - 10. List the prime factors of o(5).
5, 11, 41
Let j = 5054 + -3286. List the prime factors of j.
2, 13, 17
Suppose 9*y + 1010 = 4*y. Let l = y - -395. What are the prime factors of l?
193
Let f(t) = t**3 - 3*t**2 + t + 2. Let k be f(2). Suppose k = 2*d - 3*r - 28 - 73, 3*d - 135 = -r. What are the prime factors of d?
2, 23
Let f(j) = j**2 - 14*j + 88. What are the prime factors of f(52)?
2, 3, 43
Let y(f) = 3*f**3 - 4*f**2 - f + 2. Let t(k) = -k**2 + 6*k - 2. Let i be t(5). What are the prime factors of y(i)?
2, 11
Let m(o) = 2173*o - 49. List the prime factors of m(1).
2, 3, 59
Suppose o = -0*o - 4*o. Let i(h) = h + 38. What are the prime factors of i(o)?
2, 19
Let y(z) = -z**3 - 9*z**2 + 5*z - 16. Let b be y(-11). Suppose -b = 6*i - 9*i. List the prime factors of i.
3, 19
Let c(h) = 75*h - 475. What are the prime factors of c(33)?
2, 5
Let p be 34/(-4 + (-6)/(-1)). Suppose -i = -p - 15. List the prime factors of i*1 + 1/(-1).
31
Let o(z) = 228*z**2 - 7*z + 1. List the prime factors of o(3).
2, 127
Let k = 56 - -13. Let t = 6 - 2. What are the prime factors of k/t + (-2)/8?
17
Let j = -29 - -112. List the prime factors of j.
83
Let n = -3580 + 5967. What are the prime factors of n?
7, 11, 31
Let x be 14/1 + (-17 - -17). Let f = x + -12. Suppose 3*u - f*h = -3*h + 179, 3*h = 4*u - 256. What are the prime factors of u?
61
Suppose 88*l = 81*l + 4627. What are the prime factors of l?
661
Suppose -19 + 169 = -5*y. List the prime factors of (-228)/y*(-10)/(-2).
2, 19
Suppose -3*a - 3*r + 3100 = 166, -3*r = 2*a - 1956. What are the prime factors of a?
2, 3, 163
Let s = -33 - -567. List the prime factors of s.
2, 3, 89
Suppose -3*u = -4*y - 5*u + 14, -12 = -4*u. Suppose -x = y*d + 2*x - 378, 3*d - x = 567. List the prime factors of d.
3, 7
Let k(a) = -5*a - 26. Let j be 2/(2 - -6) + 90/(-8). List the prime factors of k(j).
29
Let b = 1 + 5. Suppose b*q - 28 = 2*q. Suppose -q*a - 22 = -9*a. List the prime factors of a.
11
Suppose 4*r = -4*s + 1900, -4 = 5*s + 21. What are the prime factors of r?
2, 3, 5
Let b(n) = n**3 - 14*n**2 + 15*n - 12. Let j be b(13). Let m = 57 - j. List the prime factors of m.
43
Suppose 42*z = 43*z - 187. What are the prime factors of z?
11, 17
Let j = 361 + -181. Suppose -2*h = -0*h - j. List the prime factors of h.
2, 3, 5
Let r(y) be the second derivative of y**4/12 - y**3/2 + 3*y. Let l be r(4). Suppose 0 = -9*d + l*d + 95. What are the prime factors of d?
19
Let q be (-1 - 1/(-2))*-8. Let t be 5 - q/12*0. Suppose 2*v + t*b - 41 = 0, -2*v - 2*b = -5*b - 17. List the prime factors of v.
13
List the prime factors of (-4)/4 - (-1024 - -4).
1019
Let j(f) = -f**2 + 4*f + 3. Let s be j(4). Let k = s - -15. List the prime factors of k.
2, 3
Suppose 143*w + 2808 = 151*w. List the prime factors of w.
3, 13
Let z(s) = 6*s**2 - 26*s + 14. List the prime factors of z(-11).
2, 3, 19
Let b = -12 - -15. Suppose -b*l + 2*h - 3*h = -279, -4*h - 448 = -5*l. What are the prime factors of l?
2, 23
Let y be (-1)/(-2*(-2)/(-12)). Suppose k - 3*t = 14, -2*t + 18 = y*k - 5*t. What are the prime factors of -12*(8/(-6))/k?
2
Let c be ((-3)/(-9)*6)/1. Suppose c*m = -m + 72. List the prime factors of m.
2, 3
Suppose -17*y + 1195 + 6999 = 0. List the prime factors of y.
2, 241
Let u be 2739/15 + (-6)/10 - -2. Let l = 0 - 3. What are the prime factors of 2/l + u/6?
2, 3, 5
Let p(h) = 3*h**2 + 13*h + 13. Suppose 0 = -3*a + 5*v + 7, 0 = 3*a - 3*v + v + 8. List the prime factors of p(a).
43
Suppose -k + 85 + 62 = 0. Suppose -9 = 3*m - k. List the prime factors of m.
2, 23
Suppose 0 = p - 13 + 48. Let o = 16 + p. Let t = 44 + o. List the prime factors of t.
5
What are the prime factors of ((-1783)/2*1)/((-7)/14)?
1783
Let i(a) = -a**3 - 8*a**2 - 10*a + 11. Let t be i(-6). What are the prime factors of (-3 - 80 - 3)/t?
2, 43
Let l(d) = -5*d - 5. Let n be l(13). Let a = n + 96. List the prime factors of a.
2, 13
Let r(d) = -9*d**2 - d - 3. Let t be r(3). List the prime factors of t/(7/((-21)/9)).
29
Let n = -38 + 48. List the prime factors of 6/(-30) - (-72)/n.
7
Suppose w = 3*l - 427, -3*w + 16 = -7*w. Suppose -r = -2*a + l, -3*a + 258 = -3*r + 51. List the prime factors of a.
2, 3
Suppose -5*n + 225 + 190 = 5*y, -5*n + 4*y + 406 = 0. What are the prime factors of n?
2, 41
Let f be 40/(-8)*(-4)/10. Suppose 5*l + 15 = 0, -2*m + 3*m - 5*l - 20 = 0. Suppose 33 = -f*s + m*s. What are the prime factors of s?
11
Let t(q) = 9*q**2 + 23*q - 136. What are the prime factors of t(5)?
2, 3, 17
Let l = 1072 - 623. What are the prime factors of l?
449
Let l = -11 - -14. Suppose 2*m = -l*i + 9, -4*m + 2*i = -0*m - 26. Suppose m*c - 30 = 4*c. What are the prime factors of c?
3, 5
Let d(y) = 5*y**2 - 4*y + 6*y**2 - 7*y**2. List the prime factors of d(6).
2, 3, 5
Suppose -5*t + 5*y + 1935 = 0, -86 - 1065 = -3*t + y. List the prime factors of t.
2, 191
Suppose -3*n + 12 = -9. Let j = n - -11. Suppose -2*y + 80 - j = 0. List the prime factors of y.
31
Let o be -1 - -5 - (-2)/(-2). Let m = o + -6. What are the prime factors of (29/m)/(11/(-66))?
2, 29
Let d(p) = -2 - 36*p**3 - 2*p + 42*p**3 - 3*p + 3*p. What are the prime factors of d(2)?
2, 3, 7
Let o(w) = -2*w**3 - 2*w**2 - w. Suppose 3*g = 7*g. Suppose 2*b + 3*h + 7 = g, -2*h - h - 13 = 5*b. What are the prime factors of o(b)?
2, 5
Let q be ((-29)/4)/(8/32). Let l = -14 - q. Suppose 4*n - 5*j - l = -n, 5*j - 5 = 0. What are the prime factors of n?
2
Suppose 3*n = -111 - 18. Let y = -31 - n. What are the prime factors of y?
2, 3
Suppose -3 + 13 = -m. Let b = -17 + 10. Let l = b - m. What are the prime factors of l?
3
Let d(h) = -h**2 - 12*h + 4. Let u be d(-12). Let a(b) = 2*b**3 - b**2 + 5*b + 2. What are the prime factors of a(u)?
2, 67
Suppose -r - 262 = -3*r. What are the prime factors of r?
131
Suppose 3*j - 1270 = -2*j. List the prime factors of j.
2, 127
Let u(i) = -i**3 - 8*i**2 + 14*i - 6. Let r = 26 + -36. List the prime factors of u(r).
2, 3
Let f be 2 - (-6 - (-3 + 0)). Suppose f*v - 72 = -17. Suppose p - v = -5. What are the prime factors of p?
2, 3
Let h = 1731 - -21. What are the prime factors of h?
2, 3, 73
Let x(s) = s**2 - 33*s + 146. What are the prime factors of x(32)?
2, 3, 19
Suppose -5*z + 139 = 3*p - 36, 5*z = p - 85. Let h = p + -33. Suppose -3*o + 46 + h = 0. List the prime factors of o.
2, 13
Let h = -218 + 330. Let o(u) = -u**2 + 12*u - 27. Let d be o(8). Suppose -d*q + h = -28. What are the prime factors of q?
2, 7
Let n(f) be the first derivative of f**2 - 12*f - 5. Let i be n(8). Let x = 24 + i. List the prime factors of x.
2, 7
List the prime factors of (4 + 1012)/(0 - 2/(-4)).
2, 127
Suppose -k = -10*k. Suppose h + 3*h + 16